alculate c(11).
-1
Let y(z) = -17*z - 141. Suppose 3*k - 11*o + 8*o + 24 = 0, 0 = -4*k - 4*o - 32. Determine y(k).
-5
Let s(b) = -7*b + 6. Let j be (-186)/(-14) - 9/(63/2). Suppose 2*m + j = 27. Let p = m + -3. Calculate s(p).
-22
Let c(k) = -k**2 - 2*k + 1. Let d be c(-3). Suppose 7*v - 154 = -0*v. Let p(t) = 6*t**2 + 17*t + 5*t**3 - v*t - 4*t**3 + 3 + 9*t. What is p(d)?
11
Let w(i) = -3*i**3 - 22*i**2 - 10*i - 25. Let d(t) = 5*t**3 + 33*t**2 + 14*t + 38. Let z(f) = 5*d(f) + 8*w(f). What is z(12)?
14
Let z(r) be the first derivative of r**4/4 - 8*r**3/3 - r**2/2 + 10*r - 4210. Let f be 44/6 + (-4)/(-6). Calculate z(f).
2
Let s = -1482 - -1482. Let l(f) = f**2 + 2*f + 18. Calculate l(s).
18
Let o(d) = -5*d**2 + 2*d - 1. Let t = 2132 - 2142. Let i(g) = 7 + 8 + 4*g + 26. Let y be i(t). Determine o(y).
-4
Let i(m) = -1 - 5*m**2 - 3431*m + 3433*m + 9*m**3 + 3*m**2. Suppose 2*r = 17*r - 15. Give i(r).
8
Let f(y) = 65*y - 968. Suppose 0 = -c - 2*v + 11, -2*c - 40*v = -35*v - 20. Give f(c).
7
Let x(z) = -z**3 - 25*z**2 + 86*z + 56. Let a = -6534 + 6506. What is x(a)?
0
Let c be (1 + 0 + -3)*6/4. Let a(x) be the third derivative of -x**4/12 + x**2 - 38*x. Determine a(c).
6
Let t be (1 - -1)/((-54)/27)*-6. Suppose t*z + 96 = 22*z. Let i(u) = -6*u**2 + u**3 + 3*u - 8 + u - 4*u. What is i(z)?
-8
Let s(y) = y**3 - 3*y - 1. Let q(u) = u**3 - 2*u**2 + u - 7. Let l = 58 + -55. Let m be q(l). Suppose -6 = -2*x - m*j, j + 18 = -5*x + 5*j. Give s(x).
-3
Let j(m) = m. Let t = 83 - 80. Let b(s) = 12*s**3 - 8*s**t - 38*s - 3 - 5*s**3 + 21*s**2. Let v be b(19). Determine j(v).
-3
Let r(o) be the third derivative of o**5/60 + o**4/12 + o**3/2 + 14*o**2. Suppose -12*h + 832 = -20*h. Let x = h - -101. Determine r(x).
6
Let y(g) = 48498*g + 16*g**2 + 8*g**3 - 48483*g - 7*g**3 + 3*g**2 - 21. Determine y(-18).
33
Let k(q) = -42748*q**2 - 7 + 10 + 42747*q**2. Determine k(-6).
-33
Let o(f) = -f - 2. Let i = 109 + -121. Give o(i).
10
Let t(a) = 44*a - 213. Let y be t(6). Suppose 2*i + 100 = -4*b + b, -i - 4*b - 45 = 0. Let u = y + i. Let o(r) = -2*r - 3. What is o(u)?
1
Let f(y) = y**3 + 92. Let o(g) = -g**2 - 244*g - 4683. Let d be o(-21). Calculate f(d).
92
Suppose 3 = -5*q - 4*i, 4*q + 2*i + 15 = -3*i. Let c(z) be the second derivative of 1/20*z**q + 23*z + 0 - 3/2*z**2 - 5/6*z**3 + 1/6*z**4. Give c(-3).
3
Let d(l) = 5*l**2 + 6*l - 13. Suppose 5*b - 1 - 54 = -4*r, 4*b - r - 23 = 0. Let s(a) = 17*a**2 + 16*a - 38. Let g(m) = b*d(m) - 2*s(m). Calculate g(-12).
9
Let x(j) = 19*j - 11. Let g(z) = 7*z - 4. Let q(a) = 8*g(a) - 3*x(a). Let t(l) = -4*l + 16. Let m(h) = -12*q(h) + t(h). Determine m(3).
28
Let f(p) = -40*p + 27 + 10*p + 60*p**3 + 72*p**3 - 133*p**3 - 18*p**2. Calculate f(-16).
-5
Suppose -5*z + 26 = -2*j, -j + 2*j - 9 = -3*z. Suppose 8 = -2*h + z*h. Let l(c) = 11*c + h*c - 17*c + 3*c - 6. What is l(5)?
-1
Let q(m) be the second derivative of m**4/12 - m**3 - m**2 + 12*m + 1. Let i(w) = w**2 + 12*w + 15. Let n be i(-11). Suppose n*t - 9 = 11. Calculate q(t).
-7
Suppose a + 5*g = -2, g = -5*a + 30 + 8. Let t(w) = -116*w - 105*w + 213*w + a. Let r(f) = -f + 1. Let d(x) = -6*r(x) + t(x). Give d(6).
-10
Let r be (-180 - -180)*(-2)/(-14). Let a(h) be the second derivative of -1/3*h**3 - 2*h**2 - 12*h + r + 1/12*h**4. Give a(-3).
11
Let p(x) = -x**2 - 6*x + 80. Let j be p(6). Let w(h) = 3 - 14 + 6 + 3*h**3 + j*h**2 - 5*h - 4*h**3. Give w(7).
9
Let i(v) = -59*v + 40. Let x(m) = 113*m - 81. Let z(y) = 5*i(y) + 3*x(y). Calculate z(1).
1
Let f be (5/2)/((-15)/(-36)). Suppose 4*a + 2 + f = 3*u, 5*a + 7 = 3*u. Let m(z) = 5 + u*z - 1 - 5*z + 3. Determine m(5).
2
Suppose 15*x = 4*x + 1606. Suppose -x = -2*u - 174. Let w(z) = 2*z + 28. Let r be w(u). Let m(s) = s**2 + s - 10. Give m(r).
-10
Let n(k) = -40*k + 2. Let f(u) = -5*u. Let y(j) = f(j) + n(j). What is y(1)?
-43
Let t(c) = -2*c - 1. Let z(o) = -113 + 2*o - 15*o + 40*o - 11*o. Let y be z(7). What is t(y)?
1
Let o(r) be the third derivative of -3*r**7/280 - r**6/360 + r**5/120 - r**4/24 - 5*r**3 + 48*r**2. Let f(u) be the first derivative of o(u). What is f(1)?
-10
Let u(f) = -6*f**3 + f**2. Let t be -4*(234/14 - 22/(-77)). Let k = -67 - t. Determine u(k).
-5
Let d(x) = x**3 + 11*x**2 - 13*x + 5. Suppose -14*j - 6 = -13*j + 2*o, 4*j = 4*o - 60. Calculate d(j).
17
Let y(j) = 46*j**2 + 3*j + 2. Let a = -4454 - -4453. Determine y(a).
45
Let i(k) = -7*k - 23. Let t(l) = 10*l + 35. Let m(b) = 7*i(b) + 5*t(b). Suppose -1 = -104*d + 106*d + 19. Calculate m(d).
4
Let r(h) = 1 + 1 - h - 1. Let b be ((-363)/(-22))/(-33)*(0 + 0). What is r(b)?
1
Suppose -38*k + 94*k + 672 = 0. Let b(a) = -a**3 - 11*a**2 + 13*a + 5. Calculate b(k).
-7
Let t = -115 - -119. Let v be t/3 - 1*3/9. Let o(a) = 5*a. Let h(n) = n. Let g(l) = -24*h(l) + 3*o(l). Give g(v).
-9
Let z = 61 - 162. Let c = -104 - z. Let q(s) = 4*s + 3. Let n(a) = 7*a + 6. Let w(g) = 3*n(g) - 5*q(g). Calculate w(c).
0
Let w(p) = -17*p - 8. Let y(a) = -17*a - 4. Let h(k) = 273*k + 63. Let s(r) = -3*h(r) - 49*y(r). Let l(f) = 6*s(f) + 5*w(f). Give l(2).
0
Let i(b) = 25911*b**3 - 25909*b**3 - 7 + 0*b**2 + 2*b**2 - 4*b**2 - 5*b**2 + 9*b. Give i(4).
45
Let v(y) = -3*y - 58. Let j = -5444 + 5427. Calculate v(j).
-7
Let z(b) = 7*b + 5. Let x(r) = -20*r - 14. Let i be (-5)/15*-12 - -13. Let q(j) = i*z(j) + 6*x(j). Calculate q(-5).
6
Let t(w) = -w**3 + 6*w**2 + 4*w - 2. Suppose 0*p + 36 = 9*p. Let n be (-1)/p + 350/56. Give t(n).
22
Let u(w) be the first derivative of w**4/4 + 4*w**3 + 10*w**2 + 4*w + 1476. Calculate u(-10).
4
Let w(o) = -o**3 - 4*o**2 + 15*o - 5. Let y be w(2). Let r(l) = -l - y - 2 - 3 + 20. Give r(5).
9
Suppose -2*m = 2 + 24. Let i(n) = 22*n**2 + 68*n + 24. Let a(l) = -9*l**2 - 30*l - 11. Let d(b) = -5*a(b) - 2*i(b). Determine d(m).
-6
Let j(k) = k**3 + 5*k**2 + k + 4. Let c be j(-5). Let p(o) = -o**2 + 13*o + 13. Determine p(c).
-1
Let i be (-3)/9 + 64/3. Let r = i + -24. Let g(z) be the second derivative of z**5/20 + z**4/4 + z**3/6 - z**2/2 - 378*z. Give g(r).
-4
Let f = -567 + 31. Let k = f + 523. Let s(p) = p**3 + 14*p**2 + 13*p - 5. Determine s(k).
-5
Suppose 287 = j + 6*j. Let c = -44 + j. Let h(d) = d**3 + 2*d**2 - 5*d - 2. What is h(c)?
4
Let c be (8/(-8))/(3/(-15)). Let o = -11 + 19. Let r(b) = 2*b + 7*b + b - o*b + 3. What is r(c)?
13
Let f(u) = u**3 + 4*u**2 - 4*u + 4. Suppose -22*m + 20*m = 0. Suppose m = -41*n + 46*n + 25. Give f(n).
-1
Let i be (-504)/(-20) + ((-24)/20)/6. Let w(p) = -i*p + 48*p - 26*p. Give w(-2).
6
Let v = -3236 - -3238. Let n(d) be the first derivative of -23 + 1/2*d**v - 8*d. Calculate n(0).
-8
Let o(d) be the second derivative of -d**4/12 + 7*d**3/6 - 5*d**2/2 - 4*d. Suppose 3*i = 0, -6 = -2*z - 5*i + 4. Give o(z).
5
Let a = -33 + 39. Suppose -a*t + 27 = -15. Suppose 0 = -7*u - t. Let q(x) = 5*x**2 + x. Determine q(u).
4
Let g(n) = n**3 + 9*n**2 + 9*n + 3. Let b be g(-8). Let k(r) be the second derivative of r**4/12 + 4*r**3/3 + 3*r**2/2 - 2013*r. Calculate k(b).
-12
Suppose 192 - 84 = 12*o. Let i(p) = p**3 - 9*p**2 + 2*p + 9. What is i(o)?
27
Let v(a) = a**3 - 2*a + 2. Let g(c) = 2*c + 16. Let h be g(-8). Give v(h).
2
Suppose -u - 40 = -4*p, 0*p - 43 = -5*p + 3*u. Let g be (-22)/p + 0 + 0. Let v(i) = -33 + 2*i**2 - i + 15 + 3*i + 16. Determine v(g).
2
Let r(p) be the third derivative of 13*p**4/12 + 201*p**3/2 - 7*p**2 + 182. Calculate r(-23).
5
Let c(i) = -186 - 61 - 5*i + 290. Determine c(7).
8
Let l(p) = -p**3 + p**2 - p + 1. Let h be 9/45 + (-1473)/15. Let a = -98 - h. Let u(w) = -w**3 - w**2 - 2*w. Let y be u(a). What is l(y)?
1
Let k(f) = -f**3 - 5*f**2 - 4*f - 1. Suppose 6*x + 376 = 8*x. Let v = x + -192. Calculate k(v).
-1
Let w(q) = -3*q**3 + 7*q**2 - 18*q + 9. Let b(n) = -11*n**3 + 22*n**2 - 55*n + 30. Let j(f) = -2*b(f) + 7*w(f). Calculate j(-7).
17
Let r(h) be the second derivative of 11*h**3/6 - 6*h**2 - 745*h. Calculate r(3).
21
Let f(x) be the second derivative of -x**4/12 - x**3 + 5*x**2/2 + 2182*x. Let s(z) = -3*z + 1. Let a be s(3). What is f(a)?
-11
Let s(n) = -5*n - 55. Let d(p) = -2*p**2 - 50*p - 13. Let k be d(-25). Give s(k).
10
Suppose 2*b = -2*w + 6*b - 10, -w - 4*b + 13 = 0. Let t(z) = 4*z. What is t(w)?
4
Let w(v) be the third derivative of 5/3*v**3 + 0*v + 0 - 1/8*v**4 + 27*v**2. Determine w(5).
-5
Let h